{"id":80,"date":"2024-04-27T18:48:21","date_gmt":"2024-04-27T16:48:21","guid":{"rendered":"http:\/\/pleinouest-raidaventure.fr\/?page_id=80"},"modified":"2025-11-19T11:09:48","modified_gmt":"2025-11-19T10:09:48","slug":"parcours-permanent-dorientation","status":"publish","type":"page","link":"https:\/\/pleinouest-raidaventure.fr\/index.php\/parcours-permanent-dorientation\/","title":{"rendered":"Parcours permanent d&rsquo;orientation"},"content":{"rendered":"\n<p>En partenariat avec la mairie de Yerres et l&rsquo;ONF, l&rsquo;ann\u00e9e 2018 aura vu na\u00eetre notre premi\u00e8re r\u00e9alisation : un parcours permanent d&rsquo;orientation dans le bois du Mont Griffon.<\/p>\n\n\n\n<p>On a r\u00e9alis\u00e9 la cartographie, le tra\u00e7age des parcours, la cr\u00e9ation des postes d&rsquo;orientation et la mise en place des postes.<\/p>\n\n\n\n<figure class=\"wp-block-gallery has-nested-images columns-default is-cropped wp-block-gallery-1 is-layout-flex wp-block-gallery-is-layout-flex\">\n<figure class=\"wp-block-image size-large\"><img loading=\"lazy\" decoding=\"async\" width=\"400\" height=\"711\" data-id=\"93\" src=\"https:\/\/pleinouest-raidaventure.fr\/wp-content\/uploads\/2024\/04\/20180529_091658internet-1.jpg\" alt=\"\" class=\"wp-image-93\" srcset=\"https:\/\/pleinouest-raidaventure.fr\/wp-content\/uploads\/2024\/04\/20180529_091658internet-1.jpg 400w, https:\/\/pleinouest-raidaventure.fr\/wp-content\/uploads\/2024\/04\/20180529_091658internet-1-169x300.jpg 169w\" sizes=\"auto, (max-width: 400px) 100vw, 400px\" \/><\/figure>\n\n\n\n<figure class=\"wp-block-image size-large\"><img loading=\"lazy\" decoding=\"async\" width=\"400\" height=\"711\" data-id=\"92\" src=\"https:\/\/pleinouest-raidaventure.fr\/wp-content\/uploads\/2024\/04\/20180529_122301internet-1.jpg\" alt=\"\" class=\"wp-image-92\" srcset=\"https:\/\/pleinouest-raidaventure.fr\/wp-content\/uploads\/2024\/04\/20180529_122301internet-1.jpg 400w, https:\/\/pleinouest-raidaventure.fr\/wp-content\/uploads\/2024\/04\/20180529_122301internet-1-169x300.jpg 169w\" sizes=\"auto, (max-width: 400px) 100vw, 400px\" \/><\/figure>\n\n\n\n<figure class=\"wp-block-image size-large\"><img loading=\"lazy\" decoding=\"async\" width=\"889\" height=\"500\" data-id=\"91\" src=\"https:\/\/pleinouest-raidaventure.fr\/wp-content\/uploads\/2024\/04\/20180529_091642internet-1.jpg\" alt=\"\" class=\"wp-image-91\" srcset=\"https:\/\/pleinouest-raidaventure.fr\/wp-content\/uploads\/2024\/04\/20180529_091642internet-1.jpg 889w, https:\/\/pleinouest-raidaventure.fr\/wp-content\/uploads\/2024\/04\/20180529_091642internet-1-300x169.jpg 300w, https:\/\/pleinouest-raidaventure.fr\/wp-content\/uploads\/2024\/04\/20180529_091642internet-1-768x432.jpg 768w\" sizes=\"auto, (max-width: 889px) 100vw, 889px\" \/><\/figure>\n<\/figure>\n\n\n\n<p>La municipalit\u00e9 de Yerres met gratuitement \u00e0 disposition les cartes d&rsquo;orientation. Adressez vous au service : SPORT LOISIRS JEUNESSE, tel : 01 69 49 79 00<\/p>\n","protected":false},"excerpt":{"rendered":"<p>En partenariat avec la mairie de Yerres et l&rsquo;ONF, l&rsquo;ann\u00e9e 2018 aura vu na\u00eetre notre premi\u00e8re r\u00e9alisation : un parcours permanent d&rsquo;orientation dans le bois du Mont Griffon. On a [&hellip;]<\/p>\n","protected":false},"author":1,"featured_media":0,"parent":0,"menu_order":0,"comment_status":"closed","ping_status":"closed","template":"","meta":{"site-sidebar-layout":"default","site-content-layout":"","ast-site-content-layout":"","site-content-style":"default","site-sidebar-style":"default","ast-global-header-display":"","ast-banner-title-visibility":"","ast-main-header-display":"","ast-hfb-above-header-display":"","ast-hfb-below-header-display":"","ast-hfb-mobile-header-display":"","site-post-title":"","ast-breadcrumbs-content":"","ast-featured-img":"","footer-sml-layout":"","theme-transparent-header-meta":"","adv-header-id-meta":"","stick-header-meta":"","header-above-stick-meta":"","header-main-stick-meta":"","header-below-stick-meta":"","astra-migrate-meta-layouts":"default","ast-page-background-enabled":"default","ast-page-background-meta":{"desktop":{"background-color":"var(--ast-global-color-4)","background-image":"","background-repeat":"repeat","background-position":"center center","background-size":"auto","background-attachment":"scroll","background-type":"","background-media":"","overlay-type":"","overlay-color":"","overlay-gradient":""},"tablet":{"background-color":"","background-image":"","background-repeat":"repeat","background-position":"center center","background-size":"auto","background-attachment":"scroll","background-type":"","background-media":"","overlay-type":"","overlay-color":"","overlay-gradient":""},"mobile":{"background-color":"","background-image":"","background-repeat":"repeat","background-position":"center center","background-size":"auto","background-attachment":"scroll","background-type":"","background-media":"","overlay-type":"","overlay-color":"","overlay-gradient":""}},"ast-content-background-meta":{"desktop":{"background-color":"var(--ast-global-color-5)","background-image":"","background-repeat":"repeat","background-position":"center center","background-size":"auto","background-attachment":"scroll","background-type":"","background-media":"","overlay-type":"","overlay-color":"","overlay-gradient":""},"tablet":{"background-color":"var(--ast-global-color-5)","background-image":"","background-repeat":"repeat","background-position":"center center","background-size":"auto","background-attachment":"scroll","background-type":"","background-media":"","overlay-type":"","overlay-color":"","overlay-gradient":""},"mobile":{"background-color":"var(--ast-global-color-5)","background-image":"","background-repeat":"repeat","background-position":"center center","background-size":"auto","background-attachment":"scroll","background-type":"","background-media":"","overlay-type":"","overlay-color":"","overlay-gradient":""}},"footnotes":""},"class_list":["post-80","page","type-page","status-publish","hentry"],"yoast_head":"<!-- This site is optimized with the Yoast SEO plugin v27.3 - https:\/\/yoast.com\/product\/yoast-seo-wordpress\/ -->\n<title>Plein Ouest Raid Aventure - Parcours permanent d&#039;orientation<\/title>\n<meta name=\"description\" content=\"En partenariat avec la mairie de Yerres et l&#039;ONF, l&#039;ann\u00e9e 2018 aura vu na\u00eetre notre premi\u00e8re r\u00e9alisation : un parcours permanent d&#039;orientation dans le bois du Mont Griffon.\" \/>\n<meta name=\"robots\" content=\"index, follow, max-snippet:-1, max-image-preview:large, max-video-preview:-1\" \/>\n<link rel=\"canonical\" href=\"https:\/\/pleinouest-raidaventure.fr\/index.php\/parcours-permanent-dorientation\/\" \/>\n<meta property=\"og:locale\" content=\"fr_FR\" \/>\n<meta property=\"og:type\" content=\"article\" \/>\n<meta property=\"og:title\" content=\"Plein Ouest Raid Aventure - Parcours permanent d&#039;orientation\" \/>\n<meta property=\"og:description\" content=\"En partenariat avec la mairie de Yerres et l&#039;ONF, l&#039;ann\u00e9e 2018 aura vu na\u00eetre notre premi\u00e8re r\u00e9alisation : un parcours permanent d&#039;orientation dans le bois du Mont Griffon.\" \/>\n<meta property=\"og:url\" content=\"https:\/\/pleinouest-raidaventure.fr\/index.php\/parcours-permanent-dorientation\/\" \/>\n<meta property=\"og:site_name\" content=\"Plein Ouest Raid Aventure\" \/>\n<meta property=\"article:publisher\" content=\"https:\/\/www.facebook.com\/people\/Plein-Ouest-Raid-Aventure\/100063736293664\/?ref=embed_page\" \/>\n<meta property=\"article:modified_time\" content=\"2025-11-19T10:09:48+00:00\" \/>\n<meta property=\"og:image\" content=\"http:\/\/pleinouest-raidaventure.fr\/wp-content\/uploads\/2024\/04\/20180529_091658internet-1.jpg\" \/>\n<meta name=\"twitter:card\" content=\"summary_large_image\" \/>\n<meta name=\"twitter:label1\" content=\"Dur\u00e9e de lecture estim\u00e9e\" \/>\n\t<meta name=\"twitter:data1\" content=\"1 minute\" \/>\n<script type=\"application\/ld+json\" class=\"yoast-schema-graph\">{\"@context\":\"https:\\\/\\\/schema.org\",\"@graph\":[{\"@type\":\"WebPage\",\"@id\":\"https:\\\/\\\/pleinouest-raidaventure.fr\\\/index.php\\\/parcours-permanent-dorientation\\\/\",\"url\":\"https:\\\/\\\/pleinouest-raidaventure.fr\\\/index.php\\\/parcours-permanent-dorientation\\\/\",\"name\":\"Plein Ouest Raid Aventure - Parcours permanent d'orientation\",\"isPartOf\":{\"@id\":\"https:\\\/\\\/pleinouest-raidaventure.fr\\\/#website\"},\"primaryImageOfPage\":{\"@id\":\"https:\\\/\\\/pleinouest-raidaventure.fr\\\/index.php\\\/parcours-permanent-dorientation\\\/#primaryimage\"},\"image\":{\"@id\":\"https:\\\/\\\/pleinouest-raidaventure.fr\\\/index.php\\\/parcours-permanent-dorientation\\\/#primaryimage\"},\"thumbnailUrl\":\"http:\\\/\\\/pleinouest-raidaventure.fr\\\/wp-content\\\/uploads\\\/2024\\\/04\\\/20180529_091658internet-1.jpg\",\"datePublished\":\"2024-04-27T16:48:21+00:00\",\"dateModified\":\"2025-11-19T10:09:48+00:00\",\"description\":\"En partenariat avec la mairie de Yerres et l'ONF, l'ann\u00e9e 2018 aura vu na\u00eetre notre premi\u00e8re r\u00e9alisation : un parcours permanent d'orientation dans le bois du Mont Griffon.\",\"breadcrumb\":{\"@id\":\"https:\\\/\\\/pleinouest-raidaventure.fr\\\/index.php\\\/parcours-permanent-dorientation\\\/#breadcrumb\"},\"inLanguage\":\"fr-FR\",\"potentialAction\":[{\"@type\":\"ReadAction\",\"target\":[\"https:\\\/\\\/pleinouest-raidaventure.fr\\\/index.php\\\/parcours-permanent-dorientation\\\/\"]}]},{\"@type\":\"ImageObject\",\"inLanguage\":\"fr-FR\",\"@id\":\"https:\\\/\\\/pleinouest-raidaventure.fr\\\/index.php\\\/parcours-permanent-dorientation\\\/#primaryimage\",\"url\":\"http:\\\/\\\/pleinouest-raidaventure.fr\\\/wp-content\\\/uploads\\\/2024\\\/04\\\/20180529_091658internet-1.jpg\",\"contentUrl\":\"http:\\\/\\\/pleinouest-raidaventure.fr\\\/wp-content\\\/uploads\\\/2024\\\/04\\\/20180529_091658internet-1.jpg\"},{\"@type\":\"BreadcrumbList\",\"@id\":\"https:\\\/\\\/pleinouest-raidaventure.fr\\\/index.php\\\/parcours-permanent-dorientation\\\/#breadcrumb\",\"itemListElement\":[{\"@type\":\"ListItem\",\"position\":1,\"name\":\"Accueil\",\"item\":\"https:\\\/\\\/pleinouest-raidaventure.fr\\\/\"},{\"@type\":\"ListItem\",\"position\":2,\"name\":\"Parcours permanent d&rsquo;orientation\"}]},{\"@type\":\"WebSite\",\"@id\":\"https:\\\/\\\/pleinouest-raidaventure.fr\\\/#website\",\"url\":\"https:\\\/\\\/pleinouest-raidaventure.fr\\\/\",\"name\":\"Plein Ouest Raid Aventure\",\"description\":\"Club de raid en Essonne Plein Ouest\",\"publisher\":{\"@id\":\"https:\\\/\\\/pleinouest-raidaventure.fr\\\/#organization\"},\"alternateName\":\"Plein Ouest\",\"potentialAction\":[{\"@type\":\"SearchAction\",\"target\":{\"@type\":\"EntryPoint\",\"urlTemplate\":\"https:\\\/\\\/pleinouest-raidaventure.fr\\\/?s={search_term_string}\"},\"query-input\":{\"@type\":\"PropertyValueSpecification\",\"valueRequired\":true,\"valueName\":\"search_term_string\"}}],\"inLanguage\":\"fr-FR\"},{\"@type\":\"Organization\",\"@id\":\"https:\\\/\\\/pleinouest-raidaventure.fr\\\/#organization\",\"name\":\"Plein Ouest\",\"alternateName\":\"Plein Ouest Raid Aventure\",\"url\":\"https:\\\/\\\/pleinouest-raidaventure.fr\\\/\",\"logo\":{\"@type\":\"ImageObject\",\"inLanguage\":\"fr-FR\",\"@id\":\"https:\\\/\\\/pleinouest-raidaventure.fr\\\/#\\\/schema\\\/logo\\\/image\\\/\",\"url\":\"https:\\\/\\\/pleinouest-raidaventure.fr\\\/wp-content\\\/uploads\\\/2024\\\/04\\\/cropped-Logo-PleinOuest-NO-Raid-Aventure-1_prev_ui-1.png\",\"contentUrl\":\"https:\\\/\\\/pleinouest-raidaventure.fr\\\/wp-content\\\/uploads\\\/2024\\\/04\\\/cropped-Logo-PleinOuest-NO-Raid-Aventure-1_prev_ui-1.png\",\"width\":619,\"height\":403,\"caption\":\"Plein Ouest\"},\"image\":{\"@id\":\"https:\\\/\\\/pleinouest-raidaventure.fr\\\/#\\\/schema\\\/logo\\\/image\\\/\"},\"sameAs\":[\"https:\\\/\\\/www.facebook.com\\\/people\\\/Plein-Ouest-Raid-Aventure\\\/100063736293664\\\/?ref=embed_page\"]}]}<\/script>\n<!-- \/ Yoast SEO plugin. -->","yoast_head_json":{"title":"Plein Ouest Raid Aventure - Parcours permanent d'orientation","description":"En partenariat avec la mairie de Yerres et l'ONF, l'ann\u00e9e 2018 aura vu na\u00eetre notre premi\u00e8re r\u00e9alisation : un parcours permanent d'orientation dans le bois du Mont Griffon.","robots":{"index":"index","follow":"follow","max-snippet":"max-snippet:-1","max-image-preview":"max-image-preview:large","max-video-preview":"max-video-preview:-1"},"canonical":"https:\/\/pleinouest-raidaventure.fr\/index.php\/parcours-permanent-dorientation\/","og_locale":"fr_FR","og_type":"article","og_title":"Plein Ouest Raid Aventure - Parcours permanent d'orientation","og_description":"En partenariat avec la mairie de Yerres et l'ONF, l'ann\u00e9e 2018 aura vu na\u00eetre notre premi\u00e8re r\u00e9alisation : un parcours permanent d'orientation dans le bois du Mont Griffon.","og_url":"https:\/\/pleinouest-raidaventure.fr\/index.php\/parcours-permanent-dorientation\/","og_site_name":"Plein Ouest Raid Aventure","article_publisher":"https:\/\/www.facebook.com\/people\/Plein-Ouest-Raid-Aventure\/100063736293664\/?ref=embed_page","article_modified_time":"2025-11-19T10:09:48+00:00","og_image":[{"url":"http:\/\/pleinouest-raidaventure.fr\/wp-content\/uploads\/2024\/04\/20180529_091658internet-1.jpg","type":"","width":"","height":""}],"twitter_card":"summary_large_image","twitter_misc":{"Dur\u00e9e de lecture estim\u00e9e":"1 minute"},"schema":{"@context":"https:\/\/schema.org","@graph":[{"@type":"WebPage","@id":"https:\/\/pleinouest-raidaventure.fr\/index.php\/parcours-permanent-dorientation\/","url":"https:\/\/pleinouest-raidaventure.fr\/index.php\/parcours-permanent-dorientation\/","name":"Plein Ouest Raid Aventure - Parcours permanent d'orientation","isPartOf":{"@id":"https:\/\/pleinouest-raidaventure.fr\/#website"},"primaryImageOfPage":{"@id":"https:\/\/pleinouest-raidaventure.fr\/index.php\/parcours-permanent-dorientation\/#primaryimage"},"image":{"@id":"https:\/\/pleinouest-raidaventure.fr\/index.php\/parcours-permanent-dorientation\/#primaryimage"},"thumbnailUrl":"http:\/\/pleinouest-raidaventure.fr\/wp-content\/uploads\/2024\/04\/20180529_091658internet-1.jpg","datePublished":"2024-04-27T16:48:21+00:00","dateModified":"2025-11-19T10:09:48+00:00","description":"En partenariat avec la mairie de Yerres et l'ONF, l'ann\u00e9e 2018 aura vu na\u00eetre notre premi\u00e8re r\u00e9alisation : un parcours permanent d'orientation dans le bois du Mont Griffon.","breadcrumb":{"@id":"https:\/\/pleinouest-raidaventure.fr\/index.php\/parcours-permanent-dorientation\/#breadcrumb"},"inLanguage":"fr-FR","potentialAction":[{"@type":"ReadAction","target":["https:\/\/pleinouest-raidaventure.fr\/index.php\/parcours-permanent-dorientation\/"]}]},{"@type":"ImageObject","inLanguage":"fr-FR","@id":"https:\/\/pleinouest-raidaventure.fr\/index.php\/parcours-permanent-dorientation\/#primaryimage","url":"http:\/\/pleinouest-raidaventure.fr\/wp-content\/uploads\/2024\/04\/20180529_091658internet-1.jpg","contentUrl":"http:\/\/pleinouest-raidaventure.fr\/wp-content\/uploads\/2024\/04\/20180529_091658internet-1.jpg"},{"@type":"BreadcrumbList","@id":"https:\/\/pleinouest-raidaventure.fr\/index.php\/parcours-permanent-dorientation\/#breadcrumb","itemListElement":[{"@type":"ListItem","position":1,"name":"Accueil","item":"https:\/\/pleinouest-raidaventure.fr\/"},{"@type":"ListItem","position":2,"name":"Parcours permanent d&rsquo;orientation"}]},{"@type":"WebSite","@id":"https:\/\/pleinouest-raidaventure.fr\/#website","url":"https:\/\/pleinouest-raidaventure.fr\/","name":"Plein Ouest Raid Aventure","description":"Club de raid en Essonne Plein Ouest","publisher":{"@id":"https:\/\/pleinouest-raidaventure.fr\/#organization"},"alternateName":"Plein Ouest","potentialAction":[{"@type":"SearchAction","target":{"@type":"EntryPoint","urlTemplate":"https:\/\/pleinouest-raidaventure.fr\/?s={search_term_string}"},"query-input":{"@type":"PropertyValueSpecification","valueRequired":true,"valueName":"search_term_string"}}],"inLanguage":"fr-FR"},{"@type":"Organization","@id":"https:\/\/pleinouest-raidaventure.fr\/#organization","name":"Plein Ouest","alternateName":"Plein Ouest Raid Aventure","url":"https:\/\/pleinouest-raidaventure.fr\/","logo":{"@type":"ImageObject","inLanguage":"fr-FR","@id":"https:\/\/pleinouest-raidaventure.fr\/#\/schema\/logo\/image\/","url":"https:\/\/pleinouest-raidaventure.fr\/wp-content\/uploads\/2024\/04\/cropped-Logo-PleinOuest-NO-Raid-Aventure-1_prev_ui-1.png","contentUrl":"https:\/\/pleinouest-raidaventure.fr\/wp-content\/uploads\/2024\/04\/cropped-Logo-PleinOuest-NO-Raid-Aventure-1_prev_ui-1.png","width":619,"height":403,"caption":"Plein Ouest"},"image":{"@id":"https:\/\/pleinouest-raidaventure.fr\/#\/schema\/logo\/image\/"},"sameAs":["https:\/\/www.facebook.com\/people\/Plein-Ouest-Raid-Aventure\/100063736293664\/?ref=embed_page"]}]}},"_links":{"self":[{"href":"https:\/\/pleinouest-raidaventure.fr\/index.php\/wp-json\/wp\/v2\/pages\/80","targetHints":{"allow":["GET"]}}],"collection":[{"href":"https:\/\/pleinouest-raidaventure.fr\/index.php\/wp-json\/wp\/v2\/pages"}],"about":[{"href":"https:\/\/pleinouest-raidaventure.fr\/index.php\/wp-json\/wp\/v2\/types\/page"}],"author":[{"embeddable":true,"href":"https:\/\/pleinouest-raidaventure.fr\/index.php\/wp-json\/wp\/v2\/users\/1"}],"replies":[{"embeddable":true,"href":"https:\/\/pleinouest-raidaventure.fr\/index.php\/wp-json\/wp\/v2\/comments?post=80"}],"version-history":[{"count":3,"href":"https:\/\/pleinouest-raidaventure.fr\/index.php\/wp-json\/wp\/v2\/pages\/80\/revisions"}],"predecessor-version":[{"id":95,"href":"https:\/\/pleinouest-raidaventure.fr\/index.php\/wp-json\/wp\/v2\/pages\/80\/revisions\/95"}],"wp:attachment":[{"href":"https:\/\/pleinouest-raidaventure.fr\/index.php\/wp-json\/wp\/v2\/media?parent=80"}],"curies":[{"name":"wp","href":"https:\/\/api.w.org\/{rel}","templated":true}]}}