{"id":165,"date":"2024-04-27T21:28:24","date_gmt":"2024-04-27T19:28:24","guid":{"rendered":"http:\/\/pleinouest-raidaventure.fr\/?page_id=165"},"modified":"2025-11-19T11:07:34","modified_gmt":"2025-11-19T10:07:34","slug":"entrainement","status":"publish","type":"page","link":"https:\/\/pleinouest-raidaventure.fr\/index.php\/entrainement\/","title":{"rendered":"Entra\u00eenement"},"content":{"rendered":"\n<p>Les dates des entrainements pour la nouvelle saison :<\/p>\n\n\n\n<ul class=\"wp-block-list\">\n<li>14 septembre 2025<\/li>\n\n\n\n<li>12 octobre 2025<\/li>\n\n\n\n<li>9 novembre 2025<\/li>\n\n\n\n<li>6 d\u00e9cembre 2025 (CO Nocturne)<\/li>\n\n\n\n<li>11 janvier 2026<\/li>\n\n\n\n<li>15 f\u00e9vrier 2026<\/li>\n\n\n\n<li>15 mars 2026<\/li>\n\n\n\n<li>12 avril 2026<\/li>\n\n\n\n<li>10 mai 2026<\/li>\n\n\n\n<li>23\/24 mai 2026 (stage)<\/li>\n\n\n\n<li>21 juin 2026<\/li>\n<\/ul>\n","protected":false},"excerpt":{"rendered":"<p>Les dates des entrainements pour la nouvelle saison :<\/p>\n","protected":false},"author":1,"featured_media":0,"parent":0,"menu_order":0,"comment_status":"closed","ping_status":"closed","template":"","meta":{"site-sidebar-layout":"default","site-content-layout":"","ast-site-content-layout":"","site-content-style":"default","site-sidebar-style":"default","ast-global-header-display":"","ast-banner-title-visibility":"","ast-main-header-display":"","ast-hfb-above-header-display":"","ast-hfb-below-header-display":"","ast-hfb-mobile-header-display":"","site-post-title":"","ast-breadcrumbs-content":"","ast-featured-img":"","footer-sml-layout":"","theme-transparent-header-meta":"","adv-header-id-meta":"","stick-header-meta":"","header-above-stick-meta":"","header-main-stick-meta":"","header-below-stick-meta":"","astra-migrate-meta-layouts":"default","ast-page-background-enabled":"default","ast-page-background-meta":{"desktop":{"background-color":"var(--ast-global-color-4)","background-image":"","background-repeat":"repeat","background-position":"center center","background-size":"auto","background-attachment":"scroll","background-type":"","background-media":"","overlay-type":"","overlay-color":"","overlay-gradient":""},"tablet":{"background-color":"","background-image":"","background-repeat":"repeat","background-position":"center center","background-size":"auto","background-attachment":"scroll","background-type":"","background-media":"","overlay-type":"","overlay-color":"","overlay-gradient":""},"mobile":{"background-color":"","background-image":"","background-repeat":"repeat","background-position":"center center","background-size":"auto","background-attachment":"scroll","background-type":"","background-media":"","overlay-type":"","overlay-color":"","overlay-gradient":""}},"ast-content-background-meta":{"desktop":{"background-color":"var(--ast-global-color-5)","background-image":"","background-repeat":"repeat","background-position":"center center","background-size":"auto","background-attachment":"scroll","background-type":"","background-media":"","overlay-type":"","overlay-color":"","overlay-gradient":""},"tablet":{"background-color":"var(--ast-global-color-5)","background-image":"","background-repeat":"repeat","background-position":"center center","background-size":"auto","background-attachment":"scroll","background-type":"","background-media":"","overlay-type":"","overlay-color":"","overlay-gradient":""},"mobile":{"background-color":"var(--ast-global-color-5)","background-image":"","background-repeat":"repeat","background-position":"center center","background-size":"auto","background-attachment":"scroll","background-type":"","background-media":"","overlay-type":"","overlay-color":"","overlay-gradient":""}},"footnotes":""},"class_list":["post-165","page","type-page","status-publish","hentry"],"yoast_head":"<!-- This site is optimized with the Yoast SEO plugin v27.3 - https:\/\/yoast.com\/product\/yoast-seo-wordpress\/ -->\n<title>Plein Ouest Raid Aventure - Entra\u00eenement<\/title>\n<meta name=\"description\" content=\"Vous les attendiez avec impatience, voici les dates des entra\u00eenements de cette nouvelle ann\u00e9e\" \/>\n<meta name=\"robots\" content=\"index, follow, max-snippet:-1, max-image-preview:large, max-video-preview:-1\" \/>\n<link rel=\"canonical\" href=\"https:\/\/pleinouest-raidaventure.fr\/index.php\/entrainement\/\" \/>\n<meta property=\"og:locale\" content=\"fr_FR\" \/>\n<meta property=\"og:type\" content=\"article\" \/>\n<meta property=\"og:title\" content=\"Plein Ouest Raid Aventure - Entra\u00eenement\" \/>\n<meta property=\"og:description\" content=\"Vous les attendiez avec impatience, voici les dates des entra\u00eenements de cette nouvelle ann\u00e9e\" \/>\n<meta property=\"og:url\" content=\"https:\/\/pleinouest-raidaventure.fr\/index.php\/entrainement\/\" \/>\n<meta property=\"og:site_name\" content=\"Plein Ouest Raid Aventure\" \/>\n<meta property=\"article:publisher\" content=\"https:\/\/www.facebook.com\/people\/Plein-Ouest-Raid-Aventure\/100063736293664\/?ref=embed_page\" \/>\n<meta property=\"article:modified_time\" content=\"2025-11-19T10:07:34+00:00\" \/>\n<meta name=\"twitter:card\" content=\"summary_large_image\" \/>\n<meta name=\"twitter:label1\" content=\"Dur\u00e9e de lecture estim\u00e9e\" \/>\n\t<meta name=\"twitter:data1\" content=\"1 minute\" \/>\n<script type=\"application\/ld+json\" class=\"yoast-schema-graph\">{\"@context\":\"https:\\\/\\\/schema.org\",\"@graph\":[{\"@type\":\"WebPage\",\"@id\":\"https:\\\/\\\/pleinouest-raidaventure.fr\\\/index.php\\\/entrainement\\\/\",\"url\":\"https:\\\/\\\/pleinouest-raidaventure.fr\\\/index.php\\\/entrainement\\\/\",\"name\":\"Plein Ouest Raid Aventure - Entra\u00eenement\",\"isPartOf\":{\"@id\":\"https:\\\/\\\/pleinouest-raidaventure.fr\\\/#website\"},\"datePublished\":\"2024-04-27T19:28:24+00:00\",\"dateModified\":\"2025-11-19T10:07:34+00:00\",\"description\":\"Vous les attendiez avec impatience, voici les dates des entra\u00eenements de cette nouvelle ann\u00e9e\",\"breadcrumb\":{\"@id\":\"https:\\\/\\\/pleinouest-raidaventure.fr\\\/index.php\\\/entrainement\\\/#breadcrumb\"},\"inLanguage\":\"fr-FR\",\"potentialAction\":[{\"@type\":\"ReadAction\",\"target\":[\"https:\\\/\\\/pleinouest-raidaventure.fr\\\/index.php\\\/entrainement\\\/\"]}]},{\"@type\":\"BreadcrumbList\",\"@id\":\"https:\\\/\\\/pleinouest-raidaventure.fr\\\/index.php\\\/entrainement\\\/#breadcrumb\",\"itemListElement\":[{\"@type\":\"ListItem\",\"position\":1,\"name\":\"Accueil\",\"item\":\"https:\\\/\\\/pleinouest-raidaventure.fr\\\/\"},{\"@type\":\"ListItem\",\"position\":2,\"name\":\"Entra\u00eenement\"}]},{\"@type\":\"WebSite\",\"@id\":\"https:\\\/\\\/pleinouest-raidaventure.fr\\\/#website\",\"url\":\"https:\\\/\\\/pleinouest-raidaventure.fr\\\/\",\"name\":\"Plein Ouest Raid Aventure\",\"description\":\"Club de raid en Essonne Plein Ouest\",\"publisher\":{\"@id\":\"https:\\\/\\\/pleinouest-raidaventure.fr\\\/#organization\"},\"alternateName\":\"Plein Ouest\",\"potentialAction\":[{\"@type\":\"SearchAction\",\"target\":{\"@type\":\"EntryPoint\",\"urlTemplate\":\"https:\\\/\\\/pleinouest-raidaventure.fr\\\/?s={search_term_string}\"},\"query-input\":{\"@type\":\"PropertyValueSpecification\",\"valueRequired\":true,\"valueName\":\"search_term_string\"}}],\"inLanguage\":\"fr-FR\"},{\"@type\":\"Organization\",\"@id\":\"https:\\\/\\\/pleinouest-raidaventure.fr\\\/#organization\",\"name\":\"Plein Ouest\",\"alternateName\":\"Plein Ouest Raid Aventure\",\"url\":\"https:\\\/\\\/pleinouest-raidaventure.fr\\\/\",\"logo\":{\"@type\":\"ImageObject\",\"inLanguage\":\"fr-FR\",\"@id\":\"https:\\\/\\\/pleinouest-raidaventure.fr\\\/#\\\/schema\\\/logo\\\/image\\\/\",\"url\":\"https:\\\/\\\/pleinouest-raidaventure.fr\\\/wp-content\\\/uploads\\\/2024\\\/04\\\/cropped-Logo-PleinOuest-NO-Raid-Aventure-1_prev_ui-1.png\",\"contentUrl\":\"https:\\\/\\\/pleinouest-raidaventure.fr\\\/wp-content\\\/uploads\\\/2024\\\/04\\\/cropped-Logo-PleinOuest-NO-Raid-Aventure-1_prev_ui-1.png\",\"width\":619,\"height\":403,\"caption\":\"Plein Ouest\"},\"image\":{\"@id\":\"https:\\\/\\\/pleinouest-raidaventure.fr\\\/#\\\/schema\\\/logo\\\/image\\\/\"},\"sameAs\":[\"https:\\\/\\\/www.facebook.com\\\/people\\\/Plein-Ouest-Raid-Aventure\\\/100063736293664\\\/?ref=embed_page\"]}]}<\/script>\n<!-- \/ Yoast SEO plugin. -->","yoast_head_json":{"title":"Plein Ouest Raid Aventure - Entra\u00eenement","description":"Vous les attendiez avec impatience, voici les dates des entra\u00eenements de cette nouvelle ann\u00e9e","robots":{"index":"index","follow":"follow","max-snippet":"max-snippet:-1","max-image-preview":"max-image-preview:large","max-video-preview":"max-video-preview:-1"},"canonical":"https:\/\/pleinouest-raidaventure.fr\/index.php\/entrainement\/","og_locale":"fr_FR","og_type":"article","og_title":"Plein Ouest Raid Aventure - Entra\u00eenement","og_description":"Vous les attendiez avec impatience, voici les dates des entra\u00eenements de cette nouvelle ann\u00e9e","og_url":"https:\/\/pleinouest-raidaventure.fr\/index.php\/entrainement\/","og_site_name":"Plein Ouest Raid Aventure","article_publisher":"https:\/\/www.facebook.com\/people\/Plein-Ouest-Raid-Aventure\/100063736293664\/?ref=embed_page","article_modified_time":"2025-11-19T10:07:34+00:00","twitter_card":"summary_large_image","twitter_misc":{"Dur\u00e9e de lecture estim\u00e9e":"1 minute"},"schema":{"@context":"https:\/\/schema.org","@graph":[{"@type":"WebPage","@id":"https:\/\/pleinouest-raidaventure.fr\/index.php\/entrainement\/","url":"https:\/\/pleinouest-raidaventure.fr\/index.php\/entrainement\/","name":"Plein Ouest Raid Aventure - Entra\u00eenement","isPartOf":{"@id":"https:\/\/pleinouest-raidaventure.fr\/#website"},"datePublished":"2024-04-27T19:28:24+00:00","dateModified":"2025-11-19T10:07:34+00:00","description":"Vous les attendiez avec impatience, voici les dates des entra\u00eenements de cette nouvelle ann\u00e9e","breadcrumb":{"@id":"https:\/\/pleinouest-raidaventure.fr\/index.php\/entrainement\/#breadcrumb"},"inLanguage":"fr-FR","potentialAction":[{"@type":"ReadAction","target":["https:\/\/pleinouest-raidaventure.fr\/index.php\/entrainement\/"]}]},{"@type":"BreadcrumbList","@id":"https:\/\/pleinouest-raidaventure.fr\/index.php\/entrainement\/#breadcrumb","itemListElement":[{"@type":"ListItem","position":1,"name":"Accueil","item":"https:\/\/pleinouest-raidaventure.fr\/"},{"@type":"ListItem","position":2,"name":"Entra\u00eenement"}]},{"@type":"WebSite","@id":"https:\/\/pleinouest-raidaventure.fr\/#website","url":"https:\/\/pleinouest-raidaventure.fr\/","name":"Plein Ouest Raid Aventure","description":"Club de raid en Essonne Plein Ouest","publisher":{"@id":"https:\/\/pleinouest-raidaventure.fr\/#organization"},"alternateName":"Plein Ouest","potentialAction":[{"@type":"SearchAction","target":{"@type":"EntryPoint","urlTemplate":"https:\/\/pleinouest-raidaventure.fr\/?s={search_term_string}"},"query-input":{"@type":"PropertyValueSpecification","valueRequired":true,"valueName":"search_term_string"}}],"inLanguage":"fr-FR"},{"@type":"Organization","@id":"https:\/\/pleinouest-raidaventure.fr\/#organization","name":"Plein Ouest","alternateName":"Plein Ouest Raid Aventure","url":"https:\/\/pleinouest-raidaventure.fr\/","logo":{"@type":"ImageObject","inLanguage":"fr-FR","@id":"https:\/\/pleinouest-raidaventure.fr\/#\/schema\/logo\/image\/","url":"https:\/\/pleinouest-raidaventure.fr\/wp-content\/uploads\/2024\/04\/cropped-Logo-PleinOuest-NO-Raid-Aventure-1_prev_ui-1.png","contentUrl":"https:\/\/pleinouest-raidaventure.fr\/wp-content\/uploads\/2024\/04\/cropped-Logo-PleinOuest-NO-Raid-Aventure-1_prev_ui-1.png","width":619,"height":403,"caption":"Plein Ouest"},"image":{"@id":"https:\/\/pleinouest-raidaventure.fr\/#\/schema\/logo\/image\/"},"sameAs":["https:\/\/www.facebook.com\/people\/Plein-Ouest-Raid-Aventure\/100063736293664\/?ref=embed_page"]}]}},"_links":{"self":[{"href":"https:\/\/pleinouest-raidaventure.fr\/index.php\/wp-json\/wp\/v2\/pages\/165","targetHints":{"allow":["GET"]}}],"collection":[{"href":"https:\/\/pleinouest-raidaventure.fr\/index.php\/wp-json\/wp\/v2\/pages"}],"about":[{"href":"https:\/\/pleinouest-raidaventure.fr\/index.php\/wp-json\/wp\/v2\/types\/page"}],"author":[{"embeddable":true,"href":"https:\/\/pleinouest-raidaventure.fr\/index.php\/wp-json\/wp\/v2\/users\/1"}],"replies":[{"embeddable":true,"href":"https:\/\/pleinouest-raidaventure.fr\/index.php\/wp-json\/wp\/v2\/comments?post=165"}],"version-history":[{"count":3,"href":"https:\/\/pleinouest-raidaventure.fr\/index.php\/wp-json\/wp\/v2\/pages\/165\/revisions"}],"predecessor-version":[{"id":317,"href":"https:\/\/pleinouest-raidaventure.fr\/index.php\/wp-json\/wp\/v2\/pages\/165\/revisions\/317"}],"wp:attachment":[{"href":"https:\/\/pleinouest-raidaventure.fr\/index.php\/wp-json\/wp\/v2\/media?parent=165"}],"curies":[{"name":"wp","href":"https:\/\/api.w.org\/{rel}","templated":true}]}}